*i = -c, b + x*i = 123. What is the units digit of b?
8
Suppose -s + 4*g = 8*g - 4959, 0 = 2*s + 3*g - 9893. What is the units digit of s?
9
Let k(v) = 20*v**2 + 63*v + 118. What is the tens digit of k(-14)?
5
Let c = -264 + 268. Let x(k) = 7*k**3 + k**2 - 3*k - 10. What is the tens digit of x(c)?
4
Let c = -14 - -20. Suppose -5*s - c = 2*k - s, 25 = -5*s. Let o(d) = d**2 - 4*d - 17. What is the units digit of o(k)?
4
Let m(r) = 4*r**2 - 6*r - 60. Let w be m(-4). Suppose 17*c = w*c - 15499. What is the thousands digit of c?
1
What is the thousands digit of (-1)/(-5) + ((-63468)/(-10) - 6)?
6
Let m(z) = -640*z - 8. Let k be m(-2). Suppose -2*c + l + k = 0, 563 + 1981 = 4*c - l. Suppose -c = -8*s + 172. What is the hundreds digit of s?
1
Suppose 28*x - 10056 = 16*x. Let o = x - 802. What is the units digit of o?
6
Suppose 5 - 23 = -9*f. Suppose -3*d = -5*v - 61 - 144, -f*d = -3*v - 138. What is the tens digit of d?
7
Let o(a) = -a**3 + 7*a**2 + 12*a - 21. Let c be (-18)/8 - 2/(-8) - -11. Let g be (-1)/(-3)*2*c. What is the units digit of o(g)?
7
Let s be (-4)/(9/(-6)*2/21). Suppose 228 = -27*i + s*i. Suppose 0 = -7*x + 697 - i. What is the units digit of x?
7
Suppose 568106 = -11*u + 10*u + 18*u. What is the thousands digit of u?
3
Let d(g) = 3*g**2 - 64*g - 166. What is the units digit of d(71)?
3
Let x(l) = -l**3 - 9*l**2 - 4*l - 10. Let u be x(-4). Let k = u + 76. Suppose k*q - 8 = -2*b, 3*q - 2*q - 31 = -4*b. What is the units digit of b?
9
Let z be -2 - (4/10)/((-1)/(-10)). Let t(c) = -c**3 - 4*c**2 + 7*c - 2. Let r be t(z). Let j = r + 26. What is the units digit of j?
4
Suppose -5*r - j - 21234 = -116787, r + 4*j = 19122. Suppose 49*a - r = 28*a. What is the hundreds digit of a?
9
What is the hundreds digit of (-80628)/(-42) + 28/98?
9
Let p(t) = -11*t + 71. Let m be p(6). Suppose -3*z + 1195 = m*x - 311, -3*z = 3*x - 1500. What is the tens digit of z?
9
Let v = 3007 + 105. What is the units digit of v*(-3)/(-21) + 3/7?
5
Let q = 17052 - -8775. What is the ten thousands digit of q?
2
Suppose 6*d + 6 = -3*o + 3*d, -3*d = 2*o + 8. Let w be 1/o + (-1)/2. Suppose -2*c - 2*x + 290 = w, -2*x - 1076 = -5*c - 365. What is the tens digit of c?
4
Let i(j) be the third derivative of 13/30*j**5 + 0*j + 1/6*j**4 + 0 + 2*j**2 + 1/6*j**3. What is the units digit of i(2)?
3
Let g = -19710 + 35055. What is the thousands digit of g?
5
Suppose 0*b = b - 9*b. Suppose 0 = -j - 4, -4*s + 6*j - 2*j + 2452 = b. What is the hundreds digit of s?
6
Let n be 2/(-5) + 0 - (-12)/30. Suppose n = -6*k + 631 + 773. What is the units digit of k?
4
Let x = -5376 - -9474. What is the tens digit of x?
9
Suppose -5*u = -2667 - 20068. What is the tens digit of u?
4
Let n = 190 - 190. What is the units digit of 1383/6 + (-1)/2 - n?
0
Suppose 2*r + 48*r = 73350. Let t = -111 + r. What is the hundreds digit of t?
3
Let b = 17429 - 5328. What is the tens digit of b?
0
Suppose 4*p + b = -2*b + 8655, 4*p - 8647 = 5*b. What is the units digit of p?
3
Suppose 202*f = 3432623 + 1976735. What is the tens digit of f?
7
Let i(s) = s**3 - 16*s**2 - 10*s - 1. Let h be i(7). Let n = h + 783. Suppose -21 = -4*b + n. What is the tens digit of b?
7
Suppose 103*k - 29692 = 90*k. What is the units digit of k?
4
Suppose 2*c - 27569 = -5*o, 5*c = -117*o + 120*o - 16560. What is the thousands digit of o?
5
Let t = 113 + -111. Let x(z) = 2*z**3 - 2*z**2 + 2*z - 3. Let m be x(t). What is the hundreds digit of ((-948)/(-18))/(2/m)?
2
Let g = -24 - -5. Let t(j) = -j**2 + 526 - 504 + 6*j - 29*j. What is the units digit of t(g)?
8
Suppose -58 = -7*x - 156. Let m = x + 16. Suppose 28 = m*g - 3*t - 2, -4*g = t - 60. What is the units digit of g?
5
Let k = 26407 + -19231. What is the tens digit of k?
7
Let f = 1 - -4. Suppose 14*r = l + 19*r - 830, 5*l + f*r - 4090 = 0. What is the units digit of l?
5
Suppose m - 6*m = -10, -2*b = -4*m - 244. What is the hundreds digit of b/28*4/(-6) - -296?
2
Suppose 2*c = -20*k + 12308, 31*k = 30*k - 3*c + 627. What is the tens digit of k?
1
Let y(p) = p**3 - 14*p**2 + 4*p - 15. What is the hundreds digit of y(26)?
2
Let y = 13657 - 12260. What is the tens digit of y?
9
What is the units digit of ((-2)/9)/(13/351)*3955/(-2)?
5
Suppose 3*u = 8*i - 10*i + 500, -4*i = u - 1010. Let n = 924 - i. What is the hundreds digit of n?
6
Suppose -x + 48*w = 46*w - 8449, 4*w - 42259 = -5*x. What is the tens digit of x?
5
Let x = 7 + -6. Let j be 4*x/(-2)*3. What is the tens digit of j/(-10) + (-1904)/(-35)?
5
Suppose -4*l + 3*l - 3*s + 273 = 0, -3*l - 2*s + 791 = 0. Suppose 2*b + 584 = 2*t, 0 = 3*t + 3*b - l - 603. What is the units digit of t?
0
Suppose -28750 = -2*d - 3*d + 4*q, -5*d + q + 28765 = 0. What is the tens digit of d?
5
What is the thousands digit of (-1617)/(7/((-196)/42))?
1
Suppose -2*l - 2*n = -4*l + 6, 0 = 3*n. Let c(i) = 7*i**3 + 2 - 6*i**3 + i**2 - i + l. What is the units digit of c(0)?
5
Let p = 905 + -925. Let s(r) = -105*r - 247. What is the units digit of s(p)?
3
Suppose 22*w - 30*w + 16 = 0. Let u(p) = 128*p - 29. What is the units digit of u(w)?
7
Let r = 38471 - -8203. What is the hundreds digit of r?
6
Let n = 225 + -231. What is the hundreds digit of -6*(-3)/n*(-548)/3?
5
Let d = 18537 - 12912. What is the tens digit of d?
2
Suppose -4*m - 3*c = -8217, -3*m + 5*c + 8193 = m. Let x = m - 1319. What is the hundreds digit of x?
7
Let d(c) = -251*c**3 - 18*c**2 - 149*c + 4. What is the hundreds digit of d(-6)?
4
Suppose -1349 = -3*a - 80. Let z = -287 + a. Let w = z + 64. What is the hundreds digit of w?
2
Let b = -427 - -814. Let f = 588 - b. What is the tens digit of f?
0
Suppose -o - 14*g = -10*g - 19748, -5*g = -3*o + 59159. What is the hundreds digit of o?
7
Let r(f) = 514*f**2 - 2*f - 9. Let d = -248 + 250. What is the thousands digit of r(d)?
2
Let o(n) be the first derivative of 27*n**2/2 - 13*n - 50. Suppose g - 19 + 15 = 0. What is the tens digit of o(g)?
9
Suppose -j = -2, -2*j - 3*j = -5*k + 90. Suppose f + 5 - k = -3*b, -15 = -5*b - 5*f. What is the hundreds digit of 1180/7 - b/(-14)?
1
Let y = 173 - 54. What is the units digit of y*6 - (-1 + 4 + -7)?
8
What is the hundreds digit of 4 + (-90)/25 - 1299704/(-140)?
2
Let p(g) = -g + 74. Let y be p(17). Suppose 3*z - y = 144. Let s = z + -49. What is the tens digit of s?
1
Suppose -j = -4*x - 3, -5*j + 0*x = 2*x - 15. Suppose 0 = -0*u + j*u - 486. Suppose 0 = 21*z - 19*z - u. What is the tens digit of z?
8
Let h(l) = -2*l - 6. Let i be h(-4). Suppose 0 = -4*f + c + 448, -3*c = -i*f + 182 + 42. What is the hundreds digit of f?
1
Let s = 27 - 28. Let u be (-1908)/24 - s/(-2). Let x = u + 141. What is the units digit of x?
1
Let w(l) = -174*l + 54. Let r be w(-5). Let x = r - 262. What is the tens digit of x?
6
Let i(y) be the third derivative of y**7/5040 + 23*y**6/180 - 3*y**5/20 - 15*y**2. Let d(f) be the third derivative of i(f). What is the tens digit of d(0)?
9
Let r be (-1)/2 + 294/(-84) + 9. What is the tens digit of (r + (-5)/2)/((-3)/(-282))?
3
Let u(m) = -2*m**3 - 4*m**2 + 11*m - 9. Let l be u(4). Let w = 220 + l. Let s = -39 + w. What is the tens digit of s?
2
Let t(s) = -163 - 113 + 3*s + 389. What is the tens digit of t(-23)?
4
Suppose 130*g + 109*g - 1329741 = 6562517. What is the thousands digit of g?
3
Let r be (-6)/(-4)*104/36*6. Let q = r - -904. What is the hundreds digit of q?
9
Let r be -55 - ((-105)/60)/((-1)/4). Let d(t) = -t**3 + 9*t**2 + 9*t + 5. Let n be d(7). Let w = n + r. What is the hundreds digit of w?
1
Suppose 2*u + 1 = -3*i, 4*u + 8 = -5*i + 3. Suppose i*l = -23 + 554. What is the tens digit of l?
7
Let q be (0 + (-90)/4)/((-12)/(-80)). Let c = 749 + q. What is the tens digit of c?
9
Let y = -284 + 196. Suppose -4*f + f = -12, -4*o - 7*f + 32 = 0. What is the units digit of (y + -4)*-1 + o?
3
Suppose 12 = -3*g, -5*q = -3*g + 381 + 152. Let v(j) = 3*j**2 - 2*j + 54. Let r be v(-7). Let u = r + q. What is the units digit of u?
6
Let l be 0 + ((-20)/30)/((-1)/3). Let y(h) = l - 40*h - 97*h**2 + 16*h + 98*h**2. What is the tens digit of y(-7)?
1
Let p be 75/9 - (-2)/(-6). Suppose -12*g + p = -28. Suppose -5*h + 421 + 622 = 3*n, 0 = -3*h + g*n + 645. What is the tens digit of h?
1
Let g(u) = -u**3 + 2*u**2 - 2*u + 7. Let z be g(-7). Let n = z - 239. What is the units d